t + -3 + -2 + 3. Let z = -1 + h. Determine m(z).
5
Let m(q) = 14*q**3 - q**2 + q. Let y be (-20)/(-40)*(-2 - -4). What is m(y)?
14
Let o(g) = g**2 + 14*g + 5. Let q = 7 - -2. Let n(z) = -2*z**2 - 29*z - 10. Let h(f) = q*o(f) + 4*n(f). Determine h(-9).
-4
Let c(h) = -14*h - 8. Let b(m) = -5*m - 3. Let j(w) = -17*b(w) + 6*c(w). Let p(o) = -o**3 - 74*o**2 - o - 80. Let z be p(-74). What is j(z)?
-3
Suppose 0 = -9*k + 6*k + 12. Let i(t) = -5 + 7*t - t**2 + 8*t**2 - k*t**2 - t**3. Calculate i(4).
7
Let q(v) = -v**3 + 9*v**2 - 9*v - 8. Let t(z) = -3*z**3 + 27*z**2 - 26*z - 26. Let o(w) = -13*q(w) + 4*t(w). Give o(7).
-7
Let q = 1849/12 - 154. Let l(c) be the second derivative of -1/20*c**5 + q*c**4 - 3/2*c**2 + 1/2*c**3 + 7*c + 0. What is l(2)?
-1
Let r(t) = 6*t - t - 11*t + 17 - t**2 + 5*t. Give r(0).
17
Let r(g) be the second derivative of -g**5/4 - g**4/3 - g**3/2 - g**2 + 546*g. Give r(-2).
28
Suppose 12*w = -262 - 98. Let o = 37 + w. Let p(q) = q - 17. What is p(o)?
-10
Suppose -t + 3*g = 0, 4*t - 3*g = -0 + 9. Let l(o) be the first derivative of o**4/4 - 2*o**3/3 - 2*o**2 + 2. Give l(t).
-3
Let i = 8 + 11. Let n = 22 - i. Let y(r) = -r**3 + 4*r**2 + r - 4. Determine y(n).
8
Suppose 9 = -17*l + 77. Let u(v) be the first derivative of -v + 1/3*v**3 + 0*v**2 - l. Give u(-1).
0
Let n(m) = -3*m**2 - 69*m + 62. Let w(l) = -l**2 - 24*l + 21. Let s(h) = 6*n(h) - 17*w(h). Calculate s(-7).
8
Let t(p) be the third derivative of -p**6/120 - p**5/30 + p**3/2 - 24*p**2. Give t(0).
3
Suppose -5*q + 23 = 3*i + 192, -9 = 3*i. Let m = q + 30. Let f(y) = -2*y**3 - y**2 - y - 2. Calculate f(m).
12
Let z(f) be the second derivative of 2*f**3/3 - 7*f**2/2 - 146*f. Calculate z(3).
5
Suppose -14*f = 25*f. Let p(l) = -l**3 + l**2 + l + 3. Determine p(f).
3
Let t(s) = 3*s**2 + 23*s - 3. Let h be t(-8). Let d(j) = 1 + j + 5*j - 2*j - 3*j. Calculate d(h).
6
Let p(o) be the first derivative of -o**4/4 - o**2/2 + o + 7. Let g(l) = -l**2 - 9*l. Let k be g(-9). Give p(k).
1
Let a be (-1 + 5)/((-3)/6). Let v be (24/9)/(a/(-24)). Let f(d) = -d**2 + 11*d - 8. Give f(v).
16
Let z(c) = -c**2 + 3*c. Let l be (-6)/(-18) + (-74)/6. Let w(a) = a**3 + 12*a**2 + 3. Let b be w(l). Give z(b).
0
Let o(s) be the third derivative of -s**4/12 - s**3/6 - 585*s**2 + s. Suppose 3*m + 65 = -2*m. Let b = m + 8. Calculate o(b).
9
Let o(d) = 10*d**3 - d**2 + d. Let g = 72 - 71. Determine o(g).
10
Let q(a) = a**2 + 7*a - 2. Let z(r) = -r**2 + r - 1. Let f = -121 - -119. Let d(s) = f*z(s) - q(s). Give d(8).
-4
Let k(u) = -2*u**2 - 3*u + 4. Let h be 28 - 33 - (0 - 0). Give k(h).
-31
Let o(d) = -d**3 + 5*d**2 - 3*d + 2. Let u(l) be the third derivative of -l**6/120 + l**4/8 + l**3/3 - 17*l**2. Let r be u(-2). Calculate o(r).
6
Let w(f) be the third derivative of -f**6/120 + f**5/12 + 3*f**4/8 - f**3 + 304*f**2 - f. Calculate w(6).
12
Let w = -9 + 5. Let q(z) = z**3 - 6*z**2 + 4*z + 2. Let f be q(4). Let j be w/f + (-15)/(-21). Let r(c) = -2*c**3 - 2*c + 1. Calculate r(j).
-3
Let q(y) be the third derivative of 2/3*y**3 + 0 - 1/60*y**5 + 11*y**2 + 0*y - 1/24*y**4. Calculate q(-3).
-2
Let z(b) be the third derivative of -b**7/2520 + 7*b**6/720 + b**5/24 + 5*b**4/24 + 5*b**2. Let v(r) be the second derivative of z(r). Give v(8).
-3
Let h be (1 + -4)/((-1)/2). Let v be -1 + 0 + (-2)/(-3)*15. Let u(g) = -6*g**2 - 1 - 6*g + v - 1 + 5*g + g**3. Determine u(h).
1
Let p(q) = -2 - 5*q + 3 + 7*q - 3*q. Suppose 11*f + 30 = -25. Calculate p(f).
6
Let y = -16 - -10. Let n(v) be the third derivative of -v**6/120 - v**5/10 - v**3/3 + 1426*v**2. Determine n(y).
-2
Let p(c) be the second derivative of c**3/6 - 3*c**2/2 - 2*c. Let d(o) = 4*o + 11. Let u be d(-4). Give p(u).
-8
Let b(q) = -q**2 - q - 6. Suppose -5 = -j - 1. Let o be (-3)/(-3) - (0 - j). Suppose -o*w = -6*w. Calculate b(w).
-6
Suppose -45 = -5*l - 5*q, 4*q + 18 = -l + 6*l. Let v(k) be the first derivative of -k**2 + 3*k - 27. Give v(l).
-9
Suppose -3*u + 20 = -u - 4*s, -4*u = s + 5. Suppose u = -3*x - x + 4. Let i(y) = -2*y - 3*y**2 - x + 0*y + y**3 + 2*y + y. Determine i(2).
-3
Let b(y) = y**2 + 2*y + 0*y**2 + 13*y - 4*y + 11. Let p be b(-10). Let a(c) = -c + 2 - 4 + p - 5. What is a(-4)?
-2
Let f(z) = z**2 - 3. Let a(t) = -t**2 + 1. Let n(v) = -4*a(v) - f(v). Suppose -2*q - 1 = 3*b - 2, 0 = 3*q + 3. Calculate n(b).
2
Let f(x) = 13*x**2 - 18*x. Let r(a) = -2*a**2 + a + 1. Let m(l) = -f(l) - 6*r(l). Calculate m(10).
14
Let x(t) = -12*t**2 - t - 4. Let o(u) = 15*u**2 + 2*u + 6. Let n(l) = -3*o(l) - 4*x(l). What is n(-1)?
3
Let x(b) = 2*b**2 - 6*b**2 - 4 + 2782*b - 2779*b + b**3. Give x(3).
-4
Let c be (-544)/(-85) + -1 - 3*(-1)/5. Let o(g) = g - 5*g + 3*g. Calculate o(c).
-6
Let d(j) be the second derivative of j**5/20 + 5*j**4/12 + 5*j**3/6 - 3*j**2/2 + 4*j + 62. Calculate d(-4).
-7
Let l(w) be the third derivative of -w**9/20160 - w**7/5040 + w**6/720 - w**5/4 + 20*w**2. Let n(k) be the third derivative of l(k). Calculate n(1).
-3
Suppose 2 = -h - 0*h. Let m be 5 + 2 + h*1. Let a(i) = 29*i**2 - 23*i**2 - 4*i**3 + 1 - 5*i + 3*i**3 + 0. Calculate a(m).
1
Let s(j) = j**2 - 3*j - 18. Let y(o) = -o**2 + 80*o + 524. Let w be y(-6). Determine s(w).
22
Suppose -40 = n - 47. Let g(r) = -r**2 + 9*r - 7. Determine g(n).
7
Let p(u) = -5*u**3 - 9*u**2 - 3*u - 20. Let k(a) = 12*a**3 + 4*a**3 + 6*a**2 + 13 - 11*a**3 + 2*a - 2*a**3. Let t(q) = 8*k(q) + 5*p(q). Determine t(3).
7
Let h(x) = -8*x + 3*x**2 + 1 - 3 + 6*x + 7*x - x**3. Give h(4).
2
Let u(b) = -11*b**3 - 4*b**2 + 8*b - 15. Let k(g) = 31*g**3 + 11*g**2 - 23*g + 43. Let s(z) = 6*k(z) + 17*u(z). What is s(-3)?
18
Let d(i) = -5 - 3*i**2 + 4*i - i**2 + 3*i**2. Let q = 1971 - 1967. Give d(q).
-5
Let l(t) = t**3 - 9*t**2 + t - 12. Let s = 4 - -13. Let h = s - 8. Let d be l(h). Let q(r) = r**2 - 2. Calculate q(d).
7
Let o(f) = -7*f + 112. Let x be o(16). Let i(n) be the second derivative of 0*n**2 + x + 5*n - 1/20*n**5 + 1/6*n**3 + 0*n**4. Calculate i(-1).
0
Let g = -4545 + 4546. Let y(m) = 3*m**2 + m - 6. Let h(o) = -4*o**2 - o + 5. Let n(x) = 6*h(x) + 5*y(x). What is n(g)?
-10
Let f(m) be the third derivative of -m**4/12 - 5*m**3/6 + 3*m**2. Let k be f(-4). Let l(y) = -k*y**2 - 5*y**2 - 1 + y**3 + 5*y**2 + y. Determine l(2).
-3
Let b(d) = -d**2 + 2*d + 1 + d - 6*d. Suppose -7*f - 3 = -5*f + 3*a, -4*a + 1 = f. Calculate b(f).
1
Let l(p) = p + 5. Let o be l(-7). Let a = -36 - -43. Let g(q) = -15*q + a*q + 3*q. Determine g(o).
10
Suppose 5*u - 25 = 4*m + 2*u, -4 = 4*m + 4*u. Let r(g) = 5*g + 9. Let z(j) = -14*j - 26. Suppose -2*x - 40 = 3*x. Let n(p) = x*r(p) - 3*z(p). Give n(m).
-2
Let y(b) be the second derivative of -b**7/2520 - b**6/90 - b**4/3 - 27*b. Let v(h) be the third derivative of y(h). Calculate v(-6).
12
Let o(i) = -47*i + 25. Let s(m) = 32*m - 18. Let u(d) = 5*o(d) + 7*s(d). Give u(0).
-1
Let y(m) = m**3 + 7*m**2 + m + 9. Let b be 1/(-2)*(4 + -4). Suppose -4*i = -b*i + 28. What is y(i)?
2
Let t = 1 + 4. Suppose t*g - 4 = 11. Let r(o) = o - 3. Calculate r(g).
0
Suppose 0*w - 5 = w + j, 25 = -3*w - 5*j. Suppose y + 1 = 7. Suppose -2*b - y = -4*f, -15 = -3*f - w*f. Let p(r) = -r**2 + 8*r - 1. What is p(b)?
6
Let h(a) = 2*a - 6. Let s be h(8). Suppose -12*w = -5*w - 7. Let g be 30/s - -2*w. Let u(b) = -b**3 + 6*b**2 - 8*b + 7. Calculate u(g).
-8
Let f(j) = -2*j**2 + 17*j - 7. Suppose 17*w = 32*w - 120. What is f(w)?
1
Suppose -l - 5*d + 5 = 0, -5*l - d + 96 = -1. Suppose l = n - 5*n. Let w(g) = -g**2 - 5*g + 4. Determine w(n).
4
Let n(t) be the second derivative of t**6/720 + 11*t**5/120 + 13*t**4/4 + 3*t. Let q(i) be the third derivative of n(i). Calculate q(-7).
4
Let n(f) = -40 - 14*f - 10*f - 43 + 84 - f. Give n(-1).
26
Let c(n) = -2*n - 2. Let v(h) = 4*h + 7. Let l(o) = 7*c(o) + 3*v(o). Give l(5).
-3
Let x(p) = p**2 - 4*p - 3. Suppose -4*g = -13 - 3. Suppose 4*m + 2*q - 44 = 0, 8*q = -3*m + g*q + 28. Let k be m/(-10)*(-40)/12. Calculate x(k).
-3
Let p(h) = 3*h + 4. Let x be (-3)/(-5) + (-12)/(-5). Suppose 3 = x*k - 9. What is p(k)?
16
Let k(t) = -t**2 + t. Let x(c) = 179*c**2 + 3*c - 2. Let n be x(1). Let z be 61/9 + 40/n. Let l = z - 8. What is k(l)?
-2
Let g(v) be the first derivative of -v**4/4 - 2*v**3 + 4*v**2 + 6*v + 43. Calculate g(-7).
-1
Let p(v) = -8*v + 7 - 3 + 10*v. Let j = -535 - -527. G